{"id":132,"date":"2021-09-08T17:46:14","date_gmt":"2021-09-08T14:46:14","guid":{"rendered":"https:\/\/normiry.fi\/?page_id=132"},"modified":"2021-09-08T18:07:40","modified_gmt":"2021-09-08T15:07:40","slug":"tyoelama","status":"publish","type":"page","link":"https:\/\/normiry.fi\/index.php\/tyoelama\/","title":{"rendered":"Ty\u00f6el\u00e4m\u00e4"},"content":{"rendered":"\n<p>Normi Ry pyrkii olemaan siell\u00e4, miss\u00e4 tulevaisuuden ty\u00f6tkin ovat. Tavoitteenamme on tuoda j\u00e4senist\u00f6mme tietoon sek\u00e4 esitell\u00e4 potentiaalisia tulevaisuuden ty\u00f6nantajia ja alan keskeisi\u00e4 toimijoita. <\/p>\n\n\n\n<p>Juridiikkaan erikoistuneen kauppatieteilij\u00e4n valttikorttina on oikeudellisen ja kauppatieteellisen osaamisen yhdist\u00e4minen. H\u00e4n hallitsee yritystoiminnan oikeudelliset ja k\u00e4yt\u00e4nn\u00f6lliset kysymykset ja osaa ottaa juridiset riskit huomioon jo ennakolta esimerkiksi sopimus- ja veroasioissa. Opiskelijalla on mahdollisuus suunnata omaa osaamistaan kiinnostuksensa mukaisesti. H\u00e4n voi hankkia syv\u00e4llist\u00e4 erityisosaamista esimerkiksi yrityksen kansainv\u00e4lisist\u00e4 tilanteista, yritysj\u00e4rjestelyist\u00e4 tai sopimusoikeudesta.<br>Opintosuunnan opiskelijat suorittavat ty\u00f6harjoittelun pakollisena osana tutkintoaan. Oman alan ty\u00f6teht\u00e4v\u00e4t tulevat siis tutuiksi jo aivan opintojen alkupuolelta l\u00e4htien.<\/p>\n\n\n\n<p>Opintosuunnasta valmistuneella kauppatieteiden maisterilla on sek\u00e4 juridista ett\u00e4 liiketaloudellista erityisosaamista. H\u00e4nell\u00e4 on laaja tiet\u00e4mys vero-oikeuden erityiskysymyksist\u00e4 sek\u00e4 taito yhdist\u00e4\u00e4 oikeudellinen osaaminen liiketoiminnan tuntemukseen. T\u00e4llaiselle osaamiselle on kysynt\u00e4\u00e4 monipuolisissa ja haastavissa asiantuntija- ja esimiesteht\u00e4viss\u00e4 sek\u00e4 yrityksiss\u00e4 ett\u00e4 julkisella sektorilla. Opintosuunnasta valmistuneiden ty\u00f6llisyystilanne onkin erinomainen.<\/p>\n\n\n\n<p>K\u00e4yt\u00e4nn\u00f6ss\u00e4 vero-oikeutta tai yritysjuridiikkaa p\u00e4\u00e4aineenaan tai sivuaineenaan opiskelleiden urat ovat eritt\u00e4in monipuolisia ulottuen aina julkishallinnon kuten Verohallinnon asiantuntijateht\u00e4vist\u00e4 aina pk-yritt\u00e4jyyteen. Ty\u00f6llisyys on hyv\u00e4\u00e4 jo opintojen ensimm\u00e4isist\u00e4 vuosista alkaen.<\/p>\n","protected":false},"excerpt":{"rendered":"<p>Normi Ry pyrkii olemaan siell\u00e4, miss\u00e4 tulevaisuuden ty\u00f6tkin ovat. Tavoitteenamme on tuoda j\u00e4senist\u00f6mme tietoon sek\u00e4 esitell\u00e4 potentiaalisia tulevaisuuden ty\u00f6nantajia ja alan keskeisi\u00e4 toimijoita. Juridiikkaan erikoistuneen kauppatieteilij\u00e4n valttikorttina on oikeudellisen ja kauppatieteellisen osaamisen yhdist\u00e4minen. H\u00e4n hallitsee yritystoiminnan oikeudelliset ja k\u00e4yt\u00e4nn\u00f6lliset kysymykset ja osaa ottaa juridiset riskit huomioon jo ennakolta esimerkiksi sopimus- [&hellip;]<\/p>\n","protected":false},"author":1,"featured_media":0,"parent":0,"menu_order":0,"comment_status":"closed","ping_status":"closed","template":"","meta":{"footnotes":""},"class_list":["post-132","page","type-page","status-publish","hentry"],"_links":{"self":[{"href":"https:\/\/normiry.fi\/index.php\/wp-json\/wp\/v2\/pages\/132","targetHints":{"allow":["GET"]}}],"collection":[{"href":"https:\/\/normiry.fi\/index.php\/wp-json\/wp\/v2\/pages"}],"about":[{"href":"https:\/\/normiry.fi\/index.php\/wp-json\/wp\/v2\/types\/page"}],"author":[{"embeddable":true,"href":"https:\/\/normiry.fi\/index.php\/wp-json\/wp\/v2\/users\/1"}],"replies":[{"embeddable":true,"href":"https:\/\/normiry.fi\/index.php\/wp-json\/wp\/v2\/comments?post=132"}],"version-history":[{"count":5,"href":"https:\/\/normiry.fi\/index.php\/wp-json\/wp\/v2\/pages\/132\/revisions"}],"predecessor-version":[{"id":154,"href":"https:\/\/normiry.fi\/index.php\/wp-json\/wp\/v2\/pages\/132\/revisions\/154"}],"wp:attachment":[{"href":"https:\/\/normiry.fi\/index.php\/wp-json\/wp\/v2\/media?parent=132"}],"curies":[{"name":"wp","href":"https:\/\/api.w.org\/{rel}","templated":true}]}}